Last updated on 2020-12-04 00:48:27 CET.
Flavor | Version | Tinstall | Tcheck | Ttotal | Status | Flags |
---|---|---|---|---|---|---|
r-devel-linux-x86_64-debian-clang | 0.1.1 | 6.83 | 57.27 | 64.10 | OK | |
r-devel-linux-x86_64-debian-gcc | 0.1.1 | 4.73 | 44.44 | 49.17 | OK | |
r-devel-linux-x86_64-fedora-clang | 0.1.1 | 81.69 | OK | |||
r-devel-linux-x86_64-fedora-gcc | 0.1.1 | 71.99 | OK | |||
r-devel-windows-ix86+x86_64 | 0.1.1 | 10.00 | 64.00 | 74.00 | OK | |
r-patched-linux-x86_64 | 0.1.1 | 6.74 | 56.01 | 62.75 | OK | |
r-release-linux-x86_64 | 0.1.1 | 6.29 | 56.71 | 63.00 | OK | |
r-release-macos-x86_64 | 0.1.1 | OK | ||||
r-release-windows-ix86+x86_64 | 0.1.1 | 10.00 | 64.00 | 74.00 | OK | |
r-oldrel-macos-x86_64 | 0.1.1 | OK | ||||
r-oldrel-windows-ix86+x86_64 | 0.1.1 | 6.00 | 61.00 | 67.00 | WARN |
Version: 0.1.1
Check: Rd files
Result: WARN
MLMOI.Rd:54: First argument to \href must be verbatim URL
problem found in 'MLMOI.Rd'
Flavor: r-oldrel-windows-ix86+x86_64