CRAN Package Check Results for Package MIIVsem

Last updated on 2020-12-04 00:48:27 CET.

Flavor Version Tinstall Tcheck Ttotal Status Flags
r-devel-linux-x86_64-debian-clang 0.5.5 7.28 40.69 47.97 OK
r-devel-linux-x86_64-debian-gcc 0.5.5 5.92 32.30 38.22 OK
r-devel-linux-x86_64-fedora-clang 0.5.5 64.31 NOTE
r-devel-linux-x86_64-fedora-gcc 0.5.5 53.54 NOTE
r-devel-windows-ix86+x86_64 0.5.5 12.00 53.00 65.00 OK
r-patched-linux-x86_64 0.5.5 7.85 38.36 46.21 OK
r-patched-solaris-x86 0.5.5 72.40 NOTE
r-release-linux-x86_64 0.5.5 6.18 39.28 45.46 OK
r-release-macos-x86_64 0.5.5 NOTE
r-release-windows-ix86+x86_64 0.5.5 10.00 55.00 65.00 OK
r-oldrel-macos-x86_64 0.5.5 NOTE
r-oldrel-windows-ix86+x86_64 0.5.5 8.00 55.00 63.00 OK

Check Details

Version: 0.5.5
Check: dependencies in R code
Result: NOTE
    Namespace in Imports field not imported from: ‘methods’
     All declared Imports should be used.
Flavors: r-devel-linux-x86_64-fedora-clang, r-devel-linux-x86_64-fedora-gcc, r-patched-solaris-x86, r-release-macos-x86_64, r-oldrel-macos-x86_64