CRAN Package Check Results for Package MHTcop

Last updated on 2020-12-04 00:48:27 CET.

Flavor Version Tinstall Tcheck Ttotal Status Flags
r-devel-linux-x86_64-debian-clang 0.1.1 3.52 43.25 46.77 OK
r-devel-linux-x86_64-debian-gcc 0.1.1 3.05 32.40 35.45 OK
r-devel-linux-x86_64-fedora-clang 0.1.1 61.40 NOTE
r-devel-linux-x86_64-fedora-gcc 0.1.1 51.30 NOTE
r-devel-windows-ix86+x86_64 0.1.1 5.00 60.00 65.00 OK
r-patched-linux-x86_64 0.1.1 3.17 39.89 43.06 OK
r-patched-solaris-x86 0.1.1 75.80 NOTE
r-release-linux-x86_64 0.1.1 3.11 39.57 42.68 OK
r-release-macos-x86_64 0.1.1 NOTE
r-release-windows-ix86+x86_64 0.1.1 4.00 44.00 48.00 OK
r-oldrel-macos-x86_64 0.1.1 NOTE
r-oldrel-windows-ix86+x86_64 0.1.1 4.00 60.00 64.00 OK

Check Details

Version: 0.1.1
Check: dependencies in R code
Result: NOTE
    Namespaces in Imports field not imported from:
     ‘MCMCpack’ ‘copula’
     All declared Imports should be used.
Flavors: r-devel-linux-x86_64-fedora-clang, r-devel-linux-x86_64-fedora-gcc, r-patched-solaris-x86, r-release-macos-x86_64, r-oldrel-macos-x86_64