CRAN Package Check Results for Package MGRASTer

Last updated on 2020-12-04 00:48:27 CET.

Flavor Version Tinstall Tcheck Ttotal Status Flags
r-devel-linux-x86_64-debian-clang 0.9 2.41 26.05 28.46 NOTE
r-devel-linux-x86_64-debian-gcc 0.9 1.96 20.96 22.92 NOTE
r-devel-linux-x86_64-fedora-clang 0.9 41.32 NOTE
r-devel-linux-x86_64-fedora-gcc 0.9 32.71 NOTE
r-devel-windows-ix86+x86_64 0.9 4.00 40.00 44.00 NOTE
r-patched-linux-x86_64 0.9 2.04 25.85 27.89 NOTE
r-patched-solaris-x86 0.9 49.20 NOTE
r-release-linux-x86_64 0.9 2.34 26.95 29.29 NOTE
r-release-macos-x86_64 0.9 NOTE
r-release-windows-ix86+x86_64 0.9 4.00 41.00 45.00 NOTE
r-oldrel-macos-x86_64 0.9 NOTE
r-oldrel-windows-ix86+x86_64 0.9 8.00 43.00 51.00 NOTE

Check Details

Version: 0.9
Check: dependencies in R code
Result: NOTE
    'library' or 'require' call to 'RJSONIO' in package code.
     Please use :: or requireNamespace() instead.
     See section 'Suggested packages' in the 'Writing R Extensions' manual.
Flavors: r-devel-linux-x86_64-debian-clang, r-devel-linux-x86_64-debian-gcc, r-devel-linux-x86_64-fedora-clang, r-devel-linux-x86_64-fedora-gcc, r-devel-windows-ix86+x86_64, r-patched-linux-x86_64, r-patched-solaris-x86, r-release-linux-x86_64, r-release-macos-x86_64, r-release-windows-ix86+x86_64, r-oldrel-macos-x86_64, r-oldrel-windows-ix86+x86_64

Version: 0.9
Check: R code for possible problems
Result: NOTE
    .onAttach: no visible global function definition for 'packageVersion'
    .onAttach: no visible binding for global variable '.MGRAST'
    build.MGRAST: no visible binding for global variable '.MGRAST'
    build.MGRAST: no visible global function definition for 'fromJSON'
    call.MGRAST: no visible binding for global variable '.MGRAST'
    call.MGRAST: no visible global function definition for 'download.file'
    call.MGRAST: no visible global function definition for 'isValidJSON'
    call.MGRAST: no visible global function definition for 'fromJSON'
    doc.MGRAST: no visible binding for global variable '.MGRAST'
    doc.MGRAST: no visible global function definition for 'str'
    load.MGRAST: no visible binding for global variable '.MGRAST'
    parse.MGRAST: no visible binding for global variable '.MGRAST'
    this.package: no visible binding for global variable '.MGRAST'
    Undefined global functions or variables:
     .MGRAST download.file fromJSON isValidJSON packageVersion str
    Consider adding
     importFrom("utils", "download.file", "packageVersion", "str")
    to your NAMESPACE file.
Flavors: r-devel-linux-x86_64-debian-clang, r-devel-linux-x86_64-debian-gcc, r-devel-linux-x86_64-fedora-clang, r-devel-linux-x86_64-fedora-gcc, r-devel-windows-ix86+x86_64, r-patched-linux-x86_64, r-patched-solaris-x86, r-release-linux-x86_64, r-release-macos-x86_64, r-release-windows-ix86+x86_64, r-oldrel-macos-x86_64, r-oldrel-windows-ix86+x86_64