CRAN Package Check Results for Package MESS

Last updated on 2020-12-04 00:48:26 CET.

Flavor Version Tinstall Tcheck Ttotal Status Flags
r-devel-linux-x86_64-debian-clang 0.5.7 270.64 119.74 390.38 OK
r-devel-linux-x86_64-debian-gcc 0.5.7 157.27 91.75 249.02 OK
r-devel-linux-x86_64-fedora-clang 0.5.7 521.07 NOTE
r-devel-linux-x86_64-fedora-gcc 0.5.7 464.80 OK
r-devel-windows-ix86+x86_64 0.5.7 565.00 237.00 802.00 NOTE
r-patched-linux-x86_64 0.5.7 160.98 112.78 273.76 OK
r-patched-solaris-x86 0.5.7 429.00 OK
r-release-linux-x86_64 0.5.7 154.21 111.73 265.94 OK
r-release-macos-x86_64 0.5.7 NOTE
r-release-windows-ix86+x86_64 0.5.7 402.00 181.00 583.00 NOTE
r-oldrel-macos-x86_64 0.5.7 NOTE
r-oldrel-windows-ix86+x86_64 0.5.7 449.00 229.00 678.00 NOTE

Check Details

Version: 0.5.7
Check: installed package size
Result: NOTE
     installed size is 10.2Mb
     sub-directories of 1Mb or more:
     data 2.8Mb
     libs 7.0Mb
Flavors: r-devel-linux-x86_64-fedora-clang, r-devel-windows-ix86+x86_64, r-release-macos-x86_64, r-release-windows-ix86+x86_64, r-oldrel-macos-x86_64, r-oldrel-windows-ix86+x86_64