Last updated on 2020-12-04 00:48:26 CET.
Flavor | Version | Tinstall | Tcheck | Ttotal | Status | Flags |
---|---|---|---|---|---|---|
r-devel-linux-x86_64-debian-clang | 0.0.20 | 16.71 | 131.83 | 148.54 | OK | |
r-devel-linux-x86_64-debian-gcc | 0.0.20 | 10.29 | 102.35 | 112.64 | OK | |
r-devel-linux-x86_64-fedora-clang | 0.0.20 | 183.57 | NOTE | |||
r-devel-linux-x86_64-fedora-gcc | 0.0.20 | 178.06 | NOTE | |||
r-devel-windows-ix86+x86_64 | 0.0.20 | 19.00 | 225.00 | 244.00 | NOTE | |
r-patched-linux-x86_64 | 0.0.20 | 15.23 | 127.26 | 142.49 | OK | |
r-patched-solaris-x86 | 0.0.20 | 226.40 | NOTE | |||
r-release-linux-x86_64 | 0.0.20 | 16.10 | 126.98 | 143.08 | OK | |
r-release-macos-x86_64 | 0.0.20 | NOTE | ||||
r-release-windows-ix86+x86_64 | 0.0.20 | 18.00 | 219.00 | 237.00 | NOTE | |
r-oldrel-macos-x86_64 | 0.0.20 | NOTE | ||||
r-oldrel-windows-ix86+x86_64 | 0.0.20 | 17.00 | 185.00 | 202.00 | NOTE |
Version: 0.0.20
Check: package dependencies
Result: NOTE
Package suggested but not available for checking: ‘cplexAPI’
Flavors: r-devel-linux-x86_64-fedora-clang, r-devel-linux-x86_64-fedora-gcc, r-devel-windows-ix86+x86_64, r-patched-solaris-x86, r-release-macos-x86_64, r-release-windows-ix86+x86_64, r-oldrel-macos-x86_64, r-oldrel-windows-ix86+x86_64