CRAN Package Check Results for Package MBNMAtime

Last updated on 2020-12-04 00:48:26 CET.

Flavor Version Tinstall Tcheck Ttotal Status Flags
r-devel-linux-x86_64-debian-clang 0.1.3 8.62 400.92 409.54 OK
r-devel-linux-x86_64-debian-gcc 0.1.3 7.93 302.13 310.06 OK
r-devel-linux-x86_64-fedora-clang 0.1.3 471.50 NOTE
r-devel-linux-x86_64-fedora-gcc 0.1.3 478.51 OK
r-devel-windows-ix86+x86_64 0.1.3 16.00 440.00 456.00 OK
r-patched-linux-x86_64 0.1.3 8.37 388.14 396.51 OK
r-patched-solaris-x86 0.1.3 2064.60 WARN
r-release-linux-x86_64 0.1.3 8.46 386.60 395.06 OK
r-release-macos-x86_64 0.1.3 OK
r-release-windows-ix86+x86_64 0.1.3 11.00 328.00 339.00 OK
r-oldrel-macos-x86_64 0.1.3 OK
r-oldrel-windows-ix86+x86_64 0.1.3 12.00 457.00 469.00 OK

Check Details

Version: 0.1.3
Check: Rd cross-references
Result: NOTE
    Undeclared package ‘gemtc’ in Rd xrefs
Flavor: r-devel-linux-x86_64-fedora-clang

Version: 0.1.3
Check: re-building of vignette outputs
Result: WARN
    Error(s) in re-building vignettes:
     ...
    --- re-building ‘MBNMAtime.Rmd’ using rmarkdown
    Warning in engine$weave(file, quiet = quiet, encoding = enc) :
     Pandoc (>= 1.12.3) and/or pandoc-citeproc not available. Falling back to R Markdown v1.
    Reference treatment is `plac`
    
    ET50 parameters (beta.2) are on exponential scale to ensure they take positive values on the natural scale
Flavor: r-patched-solaris-x86