CRAN Package Check Results for Package MBNMAdose

Last updated on 2020-12-04 00:48:26 CET.

Flavor Version Tinstall Tcheck Ttotal Status Flags
r-devel-linux-x86_64-debian-clang 0.3.0 9.73 259.87 269.60 OK
r-devel-linux-x86_64-debian-gcc 0.3.0 8.66 183.87 192.53 OK
r-devel-linux-x86_64-fedora-clang 0.3.0 320.25 NOTE
r-devel-linux-x86_64-fedora-gcc 0.3.0 316.72 NOTE
r-devel-windows-ix86+x86_64 0.3.0 17.00 325.00 342.00 OK
r-patched-linux-x86_64 0.3.0 9.21 249.00 258.21 OK
r-patched-solaris-x86 0.3.0 688.20 NOTE
r-release-linux-x86_64 0.3.0 8.24 248.48 256.72 OK
r-release-macos-x86_64 0.3.0 NOTE
r-release-windows-ix86+x86_64 0.3.0 11.00 244.00 255.00 OK
r-oldrel-macos-x86_64 0.3.0 NOTE
r-oldrel-windows-ix86+x86_64 0.3.0 12.00 325.00 337.00 OK

Check Details

Version: 0.3.0
Check: dependencies in R code
Result: NOTE
    Namespaces in Imports field not imported from:
     ‘formatR’ ‘utf8’
     All declared Imports should be used.
Flavors: r-devel-linux-x86_64-fedora-clang, r-devel-linux-x86_64-fedora-gcc, r-patched-solaris-x86, r-release-macos-x86_64, r-oldrel-macos-x86_64

Version: 0.3.0
Check: data for non-ASCII characters
Result: NOTE
     Note: found 6 marked Latin-1 strings
Flavors: r-devel-linux-x86_64-fedora-clang, r-devel-linux-x86_64-fedora-gcc, r-patched-solaris-x86, r-release-macos-x86_64, r-oldrel-macos-x86_64