Last updated on 2020-12-04 00:48:26 CET.
Flavor | Version | Tinstall | Tcheck | Ttotal | Status | Flags |
---|---|---|---|---|---|---|
r-devel-linux-x86_64-debian-clang | 1.0-5 | 11.31 | 105.08 | 116.39 | NOTE | |
r-devel-linux-x86_64-debian-gcc | 1.0-5 | 9.90 | 81.12 | 91.02 | NOTE | |
r-devel-linux-x86_64-fedora-clang | 1.0-5 | 147.22 | NOTE | |||
r-devel-linux-x86_64-fedora-gcc | 1.0-5 | 142.21 | NOTE | |||
r-devel-windows-ix86+x86_64 | 1.0-5 | 27.00 | 128.00 | 155.00 | NOTE | |
r-patched-linux-x86_64 | 1.0-5 | 12.07 | 98.99 | 111.06 | NOTE | |
r-patched-solaris-x86 | 1.0-5 | 200.20 | NOTE | |||
r-release-linux-x86_64 | 1.0-5 | 12.60 | 98.76 | 111.36 | NOTE | |
r-release-macos-x86_64 | 1.0-5 | NOTE | ||||
r-release-windows-ix86+x86_64 | 1.0-5 | 23.00 | 134.00 | 157.00 | NOTE | |
r-oldrel-macos-x86_64 | 1.0-5 | NOTE | ||||
r-oldrel-windows-ix86+x86_64 | 1.0-5 | 21.00 | 123.00 | 144.00 | NOTE |
Version: 1.0-5
Check: R code for possible problems
Result: NOTE
logistic_z: no visible global function definition for 'glm'
logistic_z: no visible binding for global variable 'binomial'
logistic_z: no visible global function definition for 'predict'
plsrf_x: no visible global function definition for 'qnorm'
plsrf_x: no visible global function definition for 'predict'
plsrf_x_pv: no visible global function definition for 'qnorm'
plsrf_x_pv: no visible global function definition for 'predict'
plsrf_xz: no visible global function definition for 'qnorm'
plsrf_xz: no visible global function definition for 'predict'
plsrf_xz_pv: no visible global function definition for 'qnorm'
plsrf_xz_pv: no visible global function definition for 'predict'
rf_z: no visible global function definition for 'qnorm'
rf_z: no visible global function definition for 'predict'
simuldata_list: no visible global function definition for 'rnorm'
simuldatacluster_list: no visible global function definition for
'rnorm'
svm_x: no visible global function definition for 'predict'
Undefined global functions or variables:
binomial glm predict qnorm rnorm
Consider adding
importFrom("stats", "binomial", "glm", "predict", "qnorm", "rnorm")
to your NAMESPACE file.
Flavors: r-devel-linux-x86_64-debian-clang, r-devel-linux-x86_64-debian-gcc, r-devel-linux-x86_64-fedora-clang, r-devel-linux-x86_64-fedora-gcc, r-devel-windows-ix86+x86_64, r-patched-linux-x86_64, r-patched-solaris-x86, r-release-linux-x86_64, r-release-macos-x86_64, r-release-windows-ix86+x86_64, r-oldrel-macos-x86_64, r-oldrel-windows-ix86+x86_64