CRAN Package Check Results for Package MADPop

Last updated on 2020-12-04 00:48:26 CET.

Flavor Version Tinstall Tcheck Ttotal Status Flags
r-devel-linux-x86_64-debian-clang 1.1.2 116.58 176.06 292.64 NOTE
r-devel-linux-x86_64-debian-gcc 1.1.2 97.72 130.03 227.75 NOTE
r-devel-linux-x86_64-fedora-clang 1.1.2 384.19 NOTE
r-devel-linux-x86_64-fedora-gcc 1.1.2 393.37 NOTE
r-devel-windows-ix86+x86_64 1.1.2 269.00 303.00 572.00 NOTE
r-patched-linux-x86_64 1.1.2 87.70 166.33 254.03 NOTE
r-patched-solaris-x86 1.1.2 456.50 NOTE
r-release-linux-x86_64 1.1.2 88.20 170.58 258.78 NOTE
r-release-macos-x86_64 1.1.2 NOTE
r-release-windows-ix86+x86_64 1.1.2 197.00 256.00 453.00 NOTE
r-oldrel-macos-x86_64 1.1.2 NOTE
r-oldrel-windows-ix86+x86_64 1.1.2 226.00 331.00 557.00 NOTE

Check Details

Version: 1.1.2
Check: for GNU extensions in Makefiles
Result: NOTE
    GNU make is a SystemRequirements.
Flavors: r-devel-linux-x86_64-debian-clang, r-devel-linux-x86_64-debian-gcc, r-devel-linux-x86_64-fedora-clang, r-devel-linux-x86_64-fedora-gcc, r-devel-windows-ix86+x86_64, r-patched-linux-x86_64, r-patched-solaris-x86, r-release-linux-x86_64, r-release-macos-x86_64, r-release-windows-ix86+x86_64, r-oldrel-macos-x86_64, r-oldrel-windows-ix86+x86_64

Version: 1.1.2
Check: installed package size
Result: NOTE
     installed size is 31.1Mb
     sub-directories of 1Mb or more:
     libs 30.7Mb
Flavors: r-devel-linux-x86_64-fedora-clang, r-release-macos-x86_64, r-oldrel-macos-x86_64