CRAN Package Check Results for Package LogrankA

Last updated on 2020-12-04 00:48:26 CET.

Flavor Version Tinstall Tcheck Ttotal Status Flags
r-devel-linux-x86_64-debian-clang 1.0 1.99 21.34 23.33 NOTE
r-devel-linux-x86_64-debian-gcc 1.0 1.70 17.55 19.25 NOTE
r-devel-linux-x86_64-fedora-clang 1.0 36.59 NOTE
r-devel-linux-x86_64-fedora-gcc 1.0 26.62 NOTE
r-devel-windows-ix86+x86_64 1.0 3.00 35.00 38.00 NOTE
r-patched-linux-x86_64 1.0 1.96 22.52 24.48 NOTE
r-patched-solaris-x86 1.0 43.60 NOTE
r-release-linux-x86_64 1.0 1.81 21.14 22.95 NOTE
r-release-macos-x86_64 1.0 NOTE
r-release-windows-ix86+x86_64 1.0 3.00 36.00 39.00 NOTE
r-oldrel-macos-x86_64 1.0 NOTE
r-oldrel-windows-ix86+x86_64 1.0 3.00 34.00 37.00 NOTE

Check Details

Version: 1.0
Check: R code for possible problems
Result: NOTE
    LogrankA: no visible global function definition for 'is.Surv'
    LogrankA: no visible global function definition for 'na.omit'
    LogrankA: no visible global function definition for 'pchisq'
    Undefined global functions or variables:
     is.Surv na.omit pchisq
    Consider adding
     importFrom("stats", "na.omit", "pchisq")
    to your NAMESPACE file.
Flavors: r-devel-linux-x86_64-debian-clang, r-devel-linux-x86_64-debian-gcc, r-devel-linux-x86_64-fedora-clang, r-devel-linux-x86_64-fedora-gcc, r-devel-windows-ix86+x86_64, r-patched-linux-x86_64, r-patched-solaris-x86, r-release-linux-x86_64, r-release-macos-x86_64, r-release-windows-ix86+x86_64, r-oldrel-macos-x86_64, r-oldrel-windows-ix86+x86_64