CRAN Package Check Results for Package LifeTables

Last updated on 2020-12-04 00:48:25 CET.

Flavor Version Tinstall Tcheck Ttotal Status Flags
r-devel-linux-x86_64-debian-clang 1.0 3.24 29.87 33.11 NOTE
r-devel-linux-x86_64-debian-gcc 1.0 2.43 22.28 24.71 NOTE
r-devel-linux-x86_64-fedora-clang 1.0 47.69 NOTE
r-devel-linux-x86_64-fedora-gcc 1.0 36.69 NOTE
r-devel-windows-ix86+x86_64 1.0 5.00 45.00 50.00 OK
r-patched-linux-x86_64 1.0 2.71 27.83 30.54 NOTE
r-patched-solaris-x86 1.0 57.70 NOTE
r-release-linux-x86_64 1.0 2.84 29.17 32.01 NOTE
r-release-macos-x86_64 1.0 NOTE
r-release-windows-ix86+x86_64 1.0 6.00 45.00 51.00 OK
r-oldrel-macos-x86_64 1.0 NOTE
r-oldrel-windows-ix86+x86_64 1.0 4.00 45.00 49.00 OK

Check Details

Version: 1.0
Check: package dependencies
Result: NOTE
    Packages suggested but not available for checking:
     'gWidgets', 'gWidgetsRGtk2'
Flavors: r-devel-linux-x86_64-debian-clang, r-devel-linux-x86_64-debian-gcc, r-devel-linux-x86_64-fedora-clang, r-devel-linux-x86_64-fedora-gcc, r-patched-linux-x86_64, r-patched-solaris-x86, r-release-linux-x86_64, r-release-macos-x86_64

Version: 1.0
Check: package dependencies
Result: NOTE
    Packages suggested but not available for checking: 'gWidgetsRGtk2', 'RGtk2'
Flavor: r-oldrel-macos-x86_64