Last updated on 2020-12-04 00:48:26 CET.
Flavor | Version | Tinstall | Tcheck | Ttotal | Status | Flags |
---|---|---|---|---|---|---|
r-devel-linux-x86_64-debian-clang | 0.1.3 | 13.76 | 112.10 | 125.86 | OK | |
r-devel-linux-x86_64-debian-gcc | 0.1.3 | 10.91 | 86.01 | 96.92 | OK | |
r-devel-linux-x86_64-fedora-clang | 0.1.3 | 156.19 | OK | |||
r-devel-linux-x86_64-fedora-gcc | 0.1.3 | 148.02 | OK | |||
r-devel-windows-ix86+x86_64 | 0.1.3 | 29.00 | 135.00 | 164.00 | OK | |
r-patched-linux-x86_64 | 0.1.3 | 8.92 | 106.06 | 114.98 | OK | |
r-patched-solaris-x86 | 0.1.3 | 207.40 | OK | |||
r-release-linux-x86_64 | 0.1.3 | 9.12 | 105.08 | 114.20 | OK | |
r-release-macos-x86_64 | 0.1.3 | OK | ||||
r-release-windows-ix86+x86_64 | 0.1.3 | 3.00 | 4.00 | 7.00 | ERROR | |
r-oldrel-macos-x86_64 | 0.1.3 | OK | ||||
r-oldrel-windows-ix86+x86_64 | 0.1.3 | 21.00 | 108.00 | 129.00 | OK |
Version: 0.1.3
Check: whether package can be installed
Result: ERROR
Installation failed.
Flavor: r-release-windows-ix86+x86_64