CRAN Package Check Results for Package LOST

Last updated on 2020-12-04 00:48:26 CET.

Flavor Version Tinstall Tcheck Ttotal Status Flags
r-devel-linux-x86_64-debian-clang 2.0.2 8.24 66.92 75.16 OK
r-devel-linux-x86_64-debian-gcc 2.0.2 7.45 54.41 61.86 OK
r-devel-linux-x86_64-fedora-clang 2.0.2 98.19 OK
r-devel-linux-x86_64-fedora-gcc 2.0.2 88.59 OK
r-devel-windows-ix86+x86_64 2.0.2 22.00 86.00 108.00 OK
r-patched-linux-x86_64 2.0.2 8.41 63.66 72.07 OK
r-patched-solaris-x86 2.0.2 125.50 OK
r-release-linux-x86_64 2.0.2 8.98 64.47 73.45 OK
r-release-macos-x86_64 2.0.2 OK
r-release-windows-ix86+x86_64 2.0.2 13.00 88.00 101.00 OK
r-oldrel-macos-x86_64 2.0.2 WARN
r-oldrel-windows-ix86+x86_64 2.0.2 13.00 80.00 93.00 OK

Check Details

Version: 2.0.2
Check: whether package can be installed
Result: WARN
    Found the following significant warnings:
     Warning: 'rgl.init' failed, running with 'rgl.useNULL = TRUE'.
Flavor: r-oldrel-macos-x86_64