Last updated on 2020-12-04 00:48:26 CET.
Flavor | Version | Tinstall | Tcheck | Ttotal | Status | Flags |
---|---|---|---|---|---|---|
r-devel-linux-x86_64-debian-clang | 0.0.2.19 | 10.51 | 77.35 | 87.86 | OK | |
r-devel-linux-x86_64-debian-gcc | 0.0.2.19 | 10.43 | 58.27 | 68.70 | OK | |
r-devel-linux-x86_64-fedora-clang | 0.0.2.19 | 115.22 | NOTE | |||
r-devel-linux-x86_64-fedora-gcc | 0.0.2.19 | 104.55 | NOTE | |||
r-devel-windows-ix86+x86_64 | 0.0.2.19 | 30.00 | 96.00 | 126.00 | OK | |
r-patched-linux-x86_64 | 0.0.2.19 | 10.07 | 72.12 | 82.19 | OK | |
r-release-linux-x86_64 | 0.0.2.19 | 10.86 | 71.24 | 82.10 | OK | |
r-release-macos-x86_64 | 0.0.2.19 | NOTE | ||||
r-release-windows-ix86+x86_64 | 0.0.2.19 | 16.00 | 84.00 | 100.00 | OK | |
r-oldrel-macos-x86_64 | 0.0.2.19 | NOTE | ||||
r-oldrel-windows-ix86+x86_64 | 0.0.2.19 | 10.00 | 7.00 | 17.00 | ERROR |
Version: 0.0.2.19
Check: data for non-ASCII characters
Result: NOTE
Note: found 109 marked UTF-8 strings
Flavors: r-devel-linux-x86_64-fedora-clang, r-devel-linux-x86_64-fedora-gcc, r-release-macos-x86_64, r-oldrel-macos-x86_64
Version: 0.0.2.19
Check: whether package can be installed
Result: ERROR
Installation failed.
Flavor: r-oldrel-windows-ix86+x86_64