CRAN Package Check Results for Package Jaya

Last updated on 2020-12-04 00:48:24 CET.

Flavor Version Tinstall Tcheck Ttotal Status Flags
r-devel-linux-x86_64-debian-clang 0.1.9 2.38 130.48 132.86 OK
r-devel-linux-x86_64-debian-gcc 0.1.9 2.31 93.78 96.09 OK
r-devel-linux-x86_64-fedora-clang 0.1.9 169.00 NOTE
r-devel-linux-x86_64-fedora-gcc 0.1.9 152.35 NOTE
r-devel-windows-ix86+x86_64 0.1.9 5.00 154.00 159.00 OK
r-patched-linux-x86_64 0.1.9 2.43 127.29 129.72 OK
r-patched-solaris-x86 0.1.9 172.30 NOTE
r-release-linux-x86_64 0.1.9 1.98 126.99 128.97 OK
r-release-macos-x86_64 0.1.9 NOTE
r-release-windows-ix86+x86_64 0.1.9 4.00 117.00 121.00 OK
r-oldrel-macos-x86_64 0.1.9 NOTE
r-oldrel-windows-ix86+x86_64 0.1.9 3.00 159.00 162.00 OK

Check Details

Version: 0.1.9
Check: dependencies in R code
Result: NOTE
    Namespace in Imports field not imported from: ‘GA’
     All declared Imports should be used.
Flavors: r-devel-linux-x86_64-fedora-clang, r-devel-linux-x86_64-fedora-gcc, r-patched-solaris-x86, r-release-macos-x86_64, r-oldrel-macos-x86_64