CRAN Package Check Results for Package JFE

Last updated on 2020-12-04 00:48:24 CET.

Flavor Version Tinstall Tcheck Ttotal Status Flags
r-devel-linux-x86_64-debian-clang 2.5.1 27.82 213.85 241.67 OK
r-devel-linux-x86_64-debian-gcc 2.5.1 21.46 159.48 180.94 OK
r-devel-linux-x86_64-fedora-clang 2.5.1 294.03 OK
r-devel-linux-x86_64-fedora-gcc 2.5.1 290.45 OK
r-devel-windows-ix86+x86_64 2.5.1 53.00 253.00 306.00 OK
r-patched-linux-x86_64 2.5.1 26.60 198.21 224.81 OK
r-patched-solaris-x86 2.5.1 405.50 OK
r-release-linux-x86_64 2.5.1 25.09 195.78 220.87 OK
r-release-macos-x86_64 2.5.1 OK
r-release-windows-ix86+x86_64 2.5.1 43.00 190.00 233.00 OK
r-oldrel-macos-x86_64 2.5.1 ERROR
r-oldrel-windows-ix86+x86_64 2.5.1 41.00 247.00 288.00 OK

Check Details

Version: 2.5.1
Check: whether package can be installed
Result: ERROR
    Installation failed.
Flavor: r-oldrel-macos-x86_64