CRAN Package Check Results for Package InterfaceqPCR

Last updated on 2020-12-04 00:48:24 CET.

Flavor Version Tinstall Tcheck Ttotal Status Flags
r-devel-linux-x86_64-debian-clang 1.0 13.99 91.22 105.21 OK
r-devel-linux-x86_64-debian-gcc 1.0 10.94 70.67 81.61 OK
r-devel-linux-x86_64-fedora-clang 1.0 143.74 OK
r-devel-linux-x86_64-fedora-gcc 1.0 125.90 OK
r-devel-windows-ix86+x86_64 1.0 18.00 86.00 104.00 OK
r-patched-linux-x86_64 1.0 14.27 85.54 99.81 OK
r-patched-solaris-x86 1.0 136.60 OK
r-release-linux-x86_64 1.0 14.59 86.74 101.33 OK
r-release-macos-x86_64 1.0 OK
r-release-windows-ix86+x86_64 1.0 16.00 67.00 83.00 OK
r-oldrel-macos-x86_64 1.0 FAIL
r-oldrel-windows-ix86+x86_64 1.0 9.00 7.00 16.00 ERROR

Check Details

Version: 1.0
Check: whether package can be installed
Result: FAIL
Flavor: r-oldrel-macos-x86_64

Version: 1.0
Check: whether package can be installed
Result: ERROR
    Installation failed.
Flavor: r-oldrel-windows-ix86+x86_64