CRAN Package Check Results for Package IntNMF

Last updated on 2020-12-04 00:48:24 CET.

Flavor Version Tinstall Tcheck Ttotal Status Flags
r-devel-linux-x86_64-debian-clang 1.2.0 10.65 120.52 131.17 OK
r-devel-linux-x86_64-debian-gcc 1.2.0 9.49 89.73 99.22 OK
r-devel-linux-x86_64-fedora-clang 1.2.0 175.28 OK
r-devel-linux-x86_64-fedora-gcc 1.2.0 151.51 OK
r-devel-windows-ix86+x86_64 1.2.0 23.00 138.00 161.00 OK
r-patched-linux-x86_64 1.2.0 10.59 111.61 122.20 OK
r-patched-solaris-x86 1.2.0 220.50 OK
r-release-linux-x86_64 1.2.0 10.35 111.63 121.98 OK
r-release-macos-x86_64 1.2.0 OK
r-release-windows-ix86+x86_64 1.2.0 18.00 139.00 157.00 OK
r-oldrel-macos-x86_64 1.2.0 NOTE
r-oldrel-windows-ix86+x86_64 1.2.0 25.00 133.00 158.00 OK

Check Details

Version: 1.2.0
Check: R code for possible problems
Result: NOTE
    .nndsvd.internal: no visible global function definition for ‘runif’
    nmf.mnnals: no visible global function definition for ‘runif’
    nmf.opt.k: no visible global function definition for ‘flush.console’
    nmf.opt.k: no visible global function definition for ‘points’
    nmf.opt.k: no visible global function definition for ‘lines’
    nmf.opt.k: no visible global function definition for ‘mtext’
    Undefined global functions or variables:
     flush.console lines mtext points runif
    Consider adding
     importFrom("graphics", "lines", "mtext", "points")
     importFrom("stats", "runif")
     importFrom("utils", "flush.console")
    to your NAMESPACE file.
Flavor: r-oldrel-macos-x86_64