CRAN Package Check Results for Package ITGM

Last updated on 2020-12-04 00:48:24 CET.

Flavor Version Tinstall Tcheck Ttotal Status Flags
r-devel-linux-x86_64-debian-clang 0.41 8.52 63.37 71.89 OK
r-devel-linux-x86_64-debian-gcc 0.41 7.06 49.90 56.96 OK
r-devel-linux-x86_64-fedora-clang 0.41 100.92 OK
r-devel-linux-x86_64-fedora-gcc 0.41 84.12 OK
r-devel-windows-ix86+x86_64 0.41 17.00 82.00 99.00 OK
r-patched-linux-x86_64 0.41 8.23 60.47 68.70 OK
r-patched-solaris-x86 0.41 133.80 OK
r-release-linux-x86_64 0.41 8.46 61.38 69.84 OK
r-release-macos-x86_64 0.41 OK
r-release-windows-ix86+x86_64 0.41 13.00 64.00 77.00 OK
r-oldrel-macos-x86_64 0.41 FAIL
r-oldrel-windows-ix86+x86_64 0.41 13.00 77.00 90.00 OK

Check Details

Version: 0.41
Check: whether package can be installed
Result: FAIL
Flavor: r-oldrel-macos-x86_64