Last updated on 2020-12-04 00:48:24 CET.
Flavor | Version | Tinstall | Tcheck | Ttotal | Status | Flags |
---|---|---|---|---|---|---|
r-devel-linux-x86_64-debian-clang | 0.6-2 | 2.39 | 21.53 | 23.92 | OK | |
r-devel-linux-x86_64-debian-gcc | 0.6-2 | 2.03 | 18.00 | 20.03 | OK | |
r-devel-linux-x86_64-fedora-clang | 0.6-2 | 40.67 | NOTE | |||
r-devel-linux-x86_64-fedora-gcc | 0.6-2 | 27.70 | OK | |||
r-devel-windows-ix86+x86_64 | 0.6-2 | 5.00 | 39.00 | 44.00 | OK | |
r-patched-linux-x86_64 | 0.6-2 | 2.38 | 21.54 | 23.92 | OK | |
r-patched-solaris-x86 | 0.6-2 | 48.10 | OK | |||
r-release-linux-x86_64 | 0.6-2 | 2.59 | 21.61 | 24.20 | OK | |
r-release-macos-x86_64 | 0.6-2 | OK | ||||
r-release-windows-ix86+x86_64 | 0.6-2 | 4.00 | 32.00 | 36.00 | OK | |
r-oldrel-macos-x86_64 | 0.6-2 | OK | ||||
r-oldrel-windows-ix86+x86_64 | 0.6-2 | 3.00 | 39.00 | 42.00 | OK |
Version: 0.6-2
Check: Rd cross-references
Result: NOTE
Undeclared package ‘surveillance’ in Rd xrefs
Flavor: r-devel-linux-x86_64-fedora-clang