CRAN Package Check Results for Package ISM

Last updated on 2020-12-04 00:48:24 CET.

Flavor Version Tinstall Tcheck Ttotal Status Flags
r-devel-linux-x86_64-debian-clang 0.1.0 8.64 79.83 88.47 OK
r-devel-linux-x86_64-debian-gcc 0.1.0 7.06 61.29 68.35 OK
r-devel-linux-x86_64-fedora-clang 0.1.0 110.07 OK
r-devel-linux-x86_64-fedora-gcc 0.1.0 94.24 OK
r-devel-windows-ix86+x86_64 0.1.0 13.00 72.00 85.00 OK
r-patched-linux-x86_64 0.1.0 9.03 76.22 85.25 OK
r-patched-solaris-x86 0.1.0 96.10 OK
r-release-linux-x86_64 0.1.0 8.52 76.33 84.85 OK
r-release-macos-x86_64 0.1.0 OK
r-release-windows-ix86+x86_64 0.1.0 12.00 73.00 85.00 OK
r-oldrel-macos-x86_64 0.1.0 OK
r-oldrel-windows-ix86+x86_64 0.1.0 5.00 6.00 11.00 ERROR

Check Details

Version: 0.1.0
Check: whether package can be installed
Result: ERROR
    Installation failed.
Flavor: r-oldrel-windows-ix86+x86_64