CRAN Package Check Results for Package INLAMSM

Last updated on 2020-12-04 00:48:24 CET.

Flavor Version Tinstall Tcheck Ttotal Status Flags
r-devel-linux-x86_64-debian-clang 0.1 9.10 75.35 84.45 NOTE
r-devel-linux-x86_64-debian-gcc 0.1 7.62 57.57 65.19 NOTE
r-devel-linux-x86_64-fedora-clang 0.1 124.96 OK
r-devel-linux-x86_64-fedora-gcc 0.1 103.05 OK
r-devel-windows-ix86+x86_64 0.1 19.00 95.00 114.00 OK
r-patched-linux-x86_64 0.1 10.35 71.16 81.51 NOTE
r-patched-solaris-x86 0.1 154.70 NOTE
r-release-linux-x86_64 0.1 9.23 69.65 78.88 NOTE
r-release-macos-x86_64 0.1 NOTE
r-release-windows-ix86+x86_64 0.1 14.00 96.00 110.00 OK
r-oldrel-macos-x86_64 0.1 NOTE
r-oldrel-windows-ix86+x86_64 0.1 15.00 90.00 105.00 OK

Additional issues

donttest

Check Details

Version: 0.1
Check: package dependencies
Result: NOTE
    Package suggested but not available for checking: 'INLA'
Flavors: r-devel-linux-x86_64-debian-clang, r-devel-linux-x86_64-debian-gcc, r-patched-linux-x86_64, r-patched-solaris-x86, r-release-linux-x86_64, r-release-macos-x86_64, r-oldrel-macos-x86_64