CRAN Package Check Results for Package IMTest

Last updated on 2020-12-04 00:48:24 CET.

Flavor Version Tinstall Tcheck Ttotal Status Flags
r-devel-linux-x86_64-debian-clang 1.0.0 9.00 334.86 343.86 OK
r-devel-linux-x86_64-debian-gcc 1.0.0 7.80 251.71 259.51 OK
r-devel-linux-x86_64-fedora-clang 1.0.0 456.89 NOTE
r-devel-linux-x86_64-fedora-gcc 1.0.0 391.35 NOTE
r-devel-windows-ix86+x86_64 1.0.0 17.00 469.00 486.00 OK
r-patched-linux-x86_64 1.0.0 8.09 311.97 320.06 OK
r-patched-solaris-x86 1.0.0 941.30 NOTE
r-release-linux-x86_64 1.0.0 8.28 317.71 325.99 OK
r-release-macos-x86_64 1.0.0 NOTE
r-release-windows-ix86+x86_64 1.0.0 13.00 449.00 462.00 OK
r-oldrel-macos-x86_64 1.0.0 NOTE
r-oldrel-windows-ix86+x86_64 1.0.0 14.00 454.00 468.00 OK

Check Details

Version: 1.0.0
Check: dependencies in R code
Result: NOTE
    Namespaces in Imports field not imported from:
     ‘lme4’ ‘reshape2’
     All declared Imports should be used.
Flavors: r-devel-linux-x86_64-fedora-clang, r-devel-linux-x86_64-fedora-gcc, r-patched-solaris-x86, r-release-macos-x86_64, r-oldrel-macos-x86_64