Last updated on 2020-12-04 00:48:24 CET.
Flavor | Version | Tinstall | Tcheck | Ttotal | Status | Flags |
---|---|---|---|---|---|---|
r-devel-linux-x86_64-debian-clang | 2.1.4 | 24.88 | 121.86 | 146.74 | OK | |
r-devel-linux-x86_64-debian-gcc | 2.1.4 | 20.56 | 90.03 | 110.59 | OK | |
r-devel-linux-x86_64-fedora-clang | 2.1.4 | 183.49 | OK | |||
r-devel-linux-x86_64-fedora-gcc | 2.1.4 | 176.67 | OK | |||
r-devel-windows-ix86+x86_64 | 2.1.4 | 37.00 | 139.00 | 176.00 | OK | |
r-patched-linux-x86_64 | 2.1.4 | 23.37 | 120.46 | 143.83 | OK | |
r-patched-solaris-x86 | 2.1.4 | 236.00 | OK | |||
r-release-linux-x86_64 | 2.1.4 | 21.75 | 122.06 | 143.81 | OK | |
r-release-macos-x86_64 | 2.1.4 | OK | ||||
r-release-windows-ix86+x86_64 | 2.1.4 | 29.00 | 150.00 | 179.00 | OK | |
r-oldrel-macos-x86_64 | 2.1.4 | ERROR | ||||
r-oldrel-windows-ix86+x86_64 | 2.1.2 | 29.00 | 136.00 | 165.00 | OK |
Version: 2.1.4
Check: whether package can be installed
Result: ERROR
Installation failed.
Flavor: r-oldrel-macos-x86_64