Last updated on 2020-12-04 00:48:24 CET.
Flavor | Version | Tinstall | Tcheck | Ttotal | Status | Flags |
---|---|---|---|---|---|---|
r-devel-linux-x86_64-debian-clang | 0.2.4 | 32.76 | 153.59 | 186.35 | OK | |
r-devel-linux-x86_64-debian-gcc | 0.2.4 | 26.49 | 112.12 | 138.61 | OK | |
r-devel-linux-x86_64-fedora-clang | 0.2.4 | 241.49 | NOTE | |||
r-devel-linux-x86_64-fedora-gcc | 0.2.4 | 221.03 | NOTE | |||
r-devel-windows-ix86+x86_64 | 0.2.4 | 62.00 | 237.00 | 299.00 | OK | |
r-patched-linux-x86_64 | 0.2.4 | 21.82 | 139.84 | 161.66 | OK | |
r-patched-solaris-x86 | 0.2.4 | 285.40 | OK | |||
r-release-linux-x86_64 | 0.2.4 | 22.00 | 138.62 | 160.62 | OK | |
r-release-macos-x86_64 | 0.2.4 | OK | ||||
r-release-windows-ix86+x86_64 | 0.2.4 | 47.00 | 182.00 | 229.00 | OK | |
r-oldrel-macos-x86_64 | 0.2.4 | OK | ||||
r-oldrel-windows-ix86+x86_64 | 0.2.4 | 37.00 | 179.00 | 216.00 | OK |
Version: 0.2.4
Check: compiled code
Result: NOTE
File ‘IFP/libs/IFP.so’:
Found no calls to: ‘R_registerRoutines’, ‘R_useDynamicSymbols’
It is good practice to register native routines and to disable symbol
search.
See ‘Writing portable packages’ in the ‘Writing R Extensions’ manual.
Flavors: r-devel-linux-x86_64-fedora-clang, r-devel-linux-x86_64-fedora-gcc