Last updated on 2020-12-04 00:48:24 CET.
Flavor | Version | Tinstall | Tcheck | Ttotal | Status | Flags |
---|---|---|---|---|---|---|
r-devel-linux-x86_64-debian-clang | 1.1.20 | 6.79 | 57.24 | 64.03 | OK | |
r-devel-linux-x86_64-debian-gcc | 1.1.20 | 6.04 | 42.11 | 48.15 | OK | |
r-devel-linux-x86_64-fedora-clang | 1.1.20 | 86.97 | NOTE | |||
r-devel-linux-x86_64-fedora-gcc | 1.1.20 | 74.73 | OK | |||
r-devel-windows-ix86+x86_64 | 1.1.20 | 16.00 | 94.00 | 110.00 | OK | |
r-patched-linux-x86_64 | 1.1.20 | 7.35 | 53.57 | 60.92 | OK | |
r-patched-solaris-x86 | 1.1.20 | 100.60 | OK | |||
r-release-linux-x86_64 | 1.1.20 | 7.03 | 53.45 | 60.48 | OK | |
r-release-macos-x86_64 | 1.1.20 | OK | ||||
r-release-windows-ix86+x86_64 | 1.1.20 | 13.00 | 96.00 | 109.00 | OK | |
r-oldrel-macos-x86_64 | 1.1.20 | OK | ||||
r-oldrel-windows-ix86+x86_64 | 1.1.20 | 12.00 | 89.00 | 101.00 | OK |
Version: 1.1.20
Check: Rd cross-references
Result: NOTE
Undeclared packages ‘sfsmisc’, ‘RColorBrewer’, ‘hexbin’ in Rd xrefs
Flavor: r-devel-linux-x86_64-fedora-clang