CRAN Package Check Results for Package ICsurv

Last updated on 2020-12-04 00:48:24 CET.

Flavor Version Tinstall Tcheck Ttotal Status Flags
r-devel-linux-x86_64-debian-clang 1.0 3.42 27.18 30.60 NOTE
r-devel-linux-x86_64-debian-gcc 1.0 2.63 21.44 24.07 NOTE
r-devel-linux-x86_64-fedora-clang 1.0 49.99 NOTE
r-devel-linux-x86_64-fedora-gcc 1.0 36.24 NOTE
r-devel-windows-ix86+x86_64 1.0 5.00 43.00 48.00 NOTE
r-patched-linux-x86_64 1.0 2.87 27.23 30.10 NOTE
r-patched-solaris-x86 1.0 53.60 NOTE
r-release-linux-x86_64 1.0 3.10 26.67 29.77 NOTE
r-release-macos-x86_64 1.0 NOTE
r-release-windows-ix86+x86_64 1.0 5.00 43.00 48.00 NOTE
r-oldrel-macos-x86_64 1.0 NOTE
r-oldrel-windows-ix86+x86_64 1.0 4.00 40.00 44.00 NOTE

Check Details

Version: 1.0
Check: R code for possible problems
Result: NOTE
    PH.ICsurv.EM: no visible global function definition for 'quantile'
    PH.ICsurv.EM: no visible global function definition for 'optim'
    fast.PH.ICsurv.EM: no visible global function definition for 'quantile'
    fast.PH.ICsurv.EM: no visible global function definition for 'optim'
    Undefined global functions or variables:
     optim quantile
    Consider adding
     importFrom("stats", "optim", "quantile")
    to your NAMESPACE file.
Flavors: r-devel-linux-x86_64-debian-clang, r-devel-linux-x86_64-debian-gcc, r-devel-linux-x86_64-fedora-clang, r-devel-linux-x86_64-fedora-gcc, r-devel-windows-ix86+x86_64, r-patched-linux-x86_64, r-patched-solaris-x86, r-release-linux-x86_64, r-release-macos-x86_64, r-release-windows-ix86+x86_64, r-oldrel-macos-x86_64, r-oldrel-windows-ix86+x86_64