CRAN Package Check Results for Package ICAMS

Last updated on 2020-12-04 00:48:24 CET.

Flavor Version Tinstall Tcheck Ttotal Status Flags
r-devel-linux-x86_64-debian-clang 2.2.4 44.43 546.39 590.82 OK
r-devel-linux-x86_64-debian-gcc 2.2.4 43.22 389.75 432.97 OK
r-devel-linux-x86_64-fedora-clang 2.2.4 616.07 NOTE
r-devel-linux-x86_64-fedora-gcc 2.2.4 551.87 NOTE
r-devel-windows-ix86+x86_64 2.2.4 103.00 547.00 650.00 OK
r-patched-linux-x86_64 2.2.4 47.33 484.12 531.45 OK
r-patched-solaris-x86 2.2.4 772.50 NOTE
r-release-linux-x86_64 2.2.4 44.58 483.79 528.37 OK
r-release-macos-x86_64 2.2.4 NOTE
r-release-windows-ix86+x86_64 2.2.4 72.00 414.00 486.00 OK
r-oldrel-macos-x86_64 2.2.4 ERROR
r-oldrel-windows-ix86+x86_64 2.2.4 78.00 548.00 626.00 OK

Check Details

Version: 2.2.4
Check: package dependencies
Result: NOTE
    Packages suggested but not available for checking:
     'BSgenome.Hsapiens.1000genomes.hs37d5',
     'BSgenome.Mmusculus.UCSC.mm10'
Flavors: r-devel-linux-x86_64-fedora-clang, r-devel-linux-x86_64-fedora-gcc, r-patched-solaris-x86, r-release-macos-x86_64

Version: 2.2.4
Check: Rd cross-references
Result: NOTE
    Packages unavailable to check Rd xrefs: ‘BSgenome.Hsapiens.1000genomes.hs37d5’, ‘BSgenome.Mmusculus.UCSC.mm10’
Flavors: r-devel-linux-x86_64-fedora-clang, r-devel-linux-x86_64-fedora-gcc, r-patched-solaris-x86, r-release-macos-x86_64

Version: 2.2.4
Check: package dependencies
Result: NOTE
    Packages suggested but not available for checking:
     'BSgenome.Hsapiens.1000genomes.hs37d5',
     'BSgenome.Hsapiens.UCSC.hg38', 'BSgenome.Mmusculus.UCSC.mm10'
Flavor: r-oldrel-macos-x86_64

Version: 2.2.4
Check: whether package can be installed
Result: ERROR
    Installation failed.
Flavor: r-oldrel-macos-x86_64