CRAN Package Check Results for Package HistDAWass

Last updated on 2020-12-04 00:48:23 CET.

Flavor Version Tinstall Tcheck Ttotal Status Flags
r-devel-linux-x86_64-debian-clang 1.0.4 67.02 100.45 167.47 OK
r-devel-linux-x86_64-debian-gcc 1.0.4 49.40 75.27 124.67 OK
r-devel-linux-x86_64-fedora-clang 1.0.4 232.20 NOTE
r-devel-linux-x86_64-fedora-gcc 1.0.4 205.33 OK
r-devel-windows-ix86+x86_64 1.0.4 142.00 174.00 316.00 OK
r-patched-linux-x86_64 1.0.4 57.40 91.99 149.39 OK
r-patched-solaris-x86 1.0.4 220.70 OK
r-release-linux-x86_64 1.0.4 56.95 91.73 148.68 OK
r-release-macos-x86_64 1.0.4 NOTE
r-release-windows-ix86+x86_64 1.0.4 101.00 137.00 238.00 OK
r-oldrel-macos-x86_64 1.0.4 NOTE
r-oldrel-windows-ix86+x86_64 1.0.4 123.00 172.00 295.00 OK

Check Details

Version: 1.0.4
Check: installed package size
Result: NOTE
     installed size is 7.3Mb
     sub-directories of 1Mb or more:
     data 1.0Mb
     libs 5.5Mb
Flavors: r-devel-linux-x86_64-fedora-clang, r-release-macos-x86_64, r-oldrel-macos-x86_64