CRAN Package Check Results for Package HighDimOut

Last updated on 2020-12-04 00:48:23 CET.

Flavor Version Tinstall Tcheck Ttotal Status Flags
r-devel-linux-x86_64-debian-clang 1.0.0 5.36 73.08 78.44 NOTE
r-devel-linux-x86_64-debian-gcc 1.0.0 4.52 55.04 59.56 NOTE
r-devel-linux-x86_64-fedora-clang 1.0.0 98.70 NOTE
r-devel-linux-x86_64-fedora-gcc 1.0.0 87.92 NOTE
r-devel-windows-ix86+x86_64 1.0.0 12.00 94.00 106.00 NOTE
r-patched-linux-x86_64 1.0.0 5.22 68.15 73.37 NOTE
r-patched-solaris-x86 1.0.0 117.70 NOTE
r-release-linux-x86_64 1.0.0 5.29 69.74 75.03 NOTE
r-release-macos-x86_64 1.0.0 NOTE
r-release-windows-ix86+x86_64 1.0.0 8.00 72.00 80.00 NOTE
r-oldrel-macos-x86_64 1.0.0 NOTE
r-oldrel-windows-ix86+x86_64 1.0.0 9.00 94.00 103.00 NOTE

Check Details

Version: 1.0.0
Check: R code for possible problems
Result: NOTE
    Func.ABOD: no visible global function definition for 'combn'
    Func.ABOD: no visible global function definition for 'var'
    Func.SOD: no visible global function definition for 'var'
    Func.trans : erf: no visible global function definition for 'pnorm'
    Func.trans: no visible global function definition for 'sd'
    Undefined global functions or variables:
     combn pnorm sd var
    Consider adding
     importFrom("stats", "pnorm", "sd", "var")
     importFrom("utils", "combn")
    to your NAMESPACE file.
Flavors: r-devel-linux-x86_64-debian-clang, r-devel-linux-x86_64-debian-gcc, r-devel-linux-x86_64-fedora-clang, r-devel-linux-x86_64-fedora-gcc, r-devel-windows-ix86+x86_64, r-patched-linux-x86_64, r-patched-solaris-x86, r-release-linux-x86_64, r-release-macos-x86_64, r-release-windows-ix86+x86_64, r-oldrel-macos-x86_64, r-oldrel-windows-ix86+x86_64