Last updated on 2020-12-04 00:48:23 CET.
Flavor | Version | Tinstall | Tcheck | Ttotal | Status | Flags |
---|---|---|---|---|---|---|
r-devel-linux-x86_64-debian-clang | 7.2.3 | 22.60 | 345.82 | 368.42 | OK | |
r-devel-linux-x86_64-debian-gcc | 7.2.3 | 18.26 | 251.14 | 269.40 | OK | |
r-devel-linux-x86_64-fedora-clang | 7.2.3 | 455.34 | OK | |||
r-devel-linux-x86_64-fedora-gcc | 7.2.3 | 431.91 | OK | |||
r-devel-windows-ix86+x86_64 | 7.2.3 | 45.00 | 449.00 | 494.00 | OK | |
r-patched-linux-x86_64 | 7.2.3 | 21.38 | 331.93 | 353.31 | OK | |
r-patched-solaris-x86 | 7.2.3 | 559.60 | OK | |||
r-release-linux-x86_64 | 7.2.3 | 23.24 | 336.25 | 359.49 | OK | |
r-release-macos-x86_64 | 7.2.3 | NOTE | ||||
r-release-windows-ix86+x86_64 | 7.2.3 | 34.00 | 359.00 | 393.00 | OK | |
r-oldrel-macos-x86_64 | 7.2.3 | NOTE | ||||
r-oldrel-windows-ix86+x86_64 | 7.2.3 | 34.00 | 470.00 | 504.00 | OK |
Version: 7.2.3
Check: package dependencies
Result: NOTE
Package suggested but not available for checking: ‘Rmpi’
Flavors: r-release-macos-x86_64, r-oldrel-macos-x86_64