CRAN Package Check Results for Package HRW

Last updated on 2020-12-04 00:48:23 CET.

Flavor Version Tinstall Tcheck Ttotal Status Flags
r-devel-linux-x86_64-debian-clang 1.0-3 7.48 49.82 57.30 OK
r-devel-linux-x86_64-debian-gcc 1.0-3 5.98 39.50 45.48 OK
r-devel-linux-x86_64-fedora-clang 1.0-3 76.53 NOTE
r-devel-linux-x86_64-fedora-gcc 1.0-3 65.30 OK
r-devel-windows-ix86+x86_64 1.0-3 10.00 82.00 92.00 NOTE
r-patched-linux-x86_64 1.0-3 6.36 48.32 54.68 OK
r-patched-solaris-x86 1.0-3 95.70 NOTE
r-release-linux-x86_64 1.0-3 6.50 48.81 55.31 OK
r-release-macos-x86_64 1.0-3 NOTE
r-release-windows-ix86+x86_64 1.0-3 10.00 70.00 80.00 NOTE
r-oldrel-macos-x86_64 1.0-3 NOTE
r-oldrel-windows-ix86+x86_64 1.0-3 9.00 76.00 85.00 NOTE

Check Details

Version: 1.0-3
Check: installed package size
Result: NOTE
     installed size is 9.3Mb
     sub-directories of 1Mb or more:
     data 8.8Mb
Flavors: r-devel-linux-x86_64-fedora-clang, r-devel-windows-ix86+x86_64, r-patched-solaris-x86, r-release-macos-x86_64, r-release-windows-ix86+x86_64, r-oldrel-macos-x86_64, r-oldrel-windows-ix86+x86_64