Last updated on 2020-12-04 00:48:23 CET.
Flavor | Version | Tinstall | Tcheck | Ttotal | Status | Flags |
---|---|---|---|---|---|---|
r-devel-linux-x86_64-debian-clang | 2.0.1 | 12.26 | 101.61 | 113.87 | OK | |
r-devel-linux-x86_64-debian-gcc | 2.0.1 | 10.08 | 76.65 | 86.73 | OK | |
r-devel-linux-x86_64-fedora-clang | 2.0.1 | 144.49 | NOTE | |||
r-devel-linux-x86_64-fedora-gcc | 2.0.1 | 133.68 | OK | |||
r-devel-windows-ix86+x86_64 | 2.0.1 | 29.00 | 137.00 | 166.00 | OK | |
r-patched-linux-x86_64 | 2.0.1 | 12.33 | 95.17 | 107.50 | OK | |
r-patched-solaris-x86 | 2.0.1 | 190.50 | OK | |||
r-release-linux-x86_64 | 2.0.1 | 11.91 | 95.20 | 107.11 | OK | |
r-release-macos-x86_64 | 2.0.1 | OK | ||||
r-release-windows-ix86+x86_64 | 2.0.1 | 20.00 | 98.00 | 118.00 | OK | |
r-oldrel-macos-x86_64 | 2.0.1 | OK | ||||
r-oldrel-windows-ix86+x86_64 | 2.0.1 | 23.00 | 126.00 | 149.00 | OK |
Version: 2.0.1
Check: Rd cross-references
Result: NOTE
Undeclared package ‘genalg’ in Rd xrefs
Flavor: r-devel-linux-x86_64-fedora-clang