Last updated on 2020-12-04 00:48:23 CET.
Flavor | Version | Tinstall | Tcheck | Ttotal | Status | Flags |
---|---|---|---|---|---|---|
r-devel-linux-x86_64-debian-clang | 0.3.1 | 100.36 | 112.82 | 213.18 | OK | |
r-devel-linux-x86_64-debian-gcc | 0.3.1 | 70.32 | 84.79 | 155.11 | OK | |
r-devel-linux-x86_64-fedora-clang | 0.3.1 | 295.77 | NOTE | |||
r-devel-linux-x86_64-fedora-gcc | 0.3.1 | 262.78 | NOTE | |||
r-devel-windows-ix86+x86_64 | 0.3.1 | 250.00 | 195.00 | 445.00 | OK | |
r-patched-linux-x86_64 | 0.3.1 | 82.72 | 107.00 | 189.72 | OK | |
r-patched-solaris-x86 | 0.3.1 | 285.30 | OK | |||
r-release-linux-x86_64 | 0.3.1 | 80.79 | 106.17 | 186.96 | OK | |
r-release-macos-x86_64 | 0.3.1 | OK | ||||
r-release-windows-ix86+x86_64 | 0.3.1 | 191.00 | 152.00 | 343.00 | OK | |
r-oldrel-macos-x86_64 | 0.3.1 | OK | ||||
r-oldrel-windows-ix86+x86_64 | 0.3.1 | 195.00 | 174.00 | 369.00 | OK |
Version: 0.3.1
Check: compiled code
Result: NOTE
File ‘HLMdiag/libs/HLMdiag.so’:
Found no calls to: ‘R_registerRoutines’, ‘R_useDynamicSymbols’
It is good practice to register native routines and to disable symbol
search.
See ‘Writing portable packages’ in the ‘Writing R Extensions’ manual.
Flavors: r-devel-linux-x86_64-fedora-clang, r-devel-linux-x86_64-fedora-gcc