Last updated on 2020-12-04 00:48:23 CET.
Flavor | Version | Tinstall | Tcheck | Ttotal | Status | Flags |
---|---|---|---|---|---|---|
r-devel-linux-x86_64-debian-clang | 1.0.3 | 96.49 | 313.09 | 409.58 | OK | |
r-devel-linux-x86_64-debian-gcc | 1.0.3 | 58.83 | 213.09 | 271.92 | OK | |
r-devel-linux-x86_64-fedora-clang | 1.0.3 | 527.78 | NOTE | |||
r-devel-linux-x86_64-fedora-gcc | 1.0.3 | 437.35 | OK | |||
r-devel-windows-ix86+x86_64 | 1.0.3 | 185.00 | 419.00 | 604.00 | OK | |
r-patched-linux-x86_64 | 1.0.3 | 75.83 | 263.42 | 339.25 | OK | |
r-patched-solaris-x86 | 1.0.3 | 2060.00 | WARN | |||
r-release-linux-x86_64 | 1.0.3 | 72.45 | 263.10 | 335.55 | OK | |
r-release-macos-x86_64 | 1.0.3 | OK | ||||
r-release-windows-ix86+x86_64 | 1.0.3 | 180.00 | 392.00 | 572.00 | OK | |
r-oldrel-macos-x86_64 | 1.0.3 | OK | ||||
r-oldrel-windows-ix86+x86_64 | 1.0.3 | 154.00 | 393.00 | 547.00 | OK |
Version: 1.0.3
Check: installed package size
Result: NOTE
installed size is 5.0Mb
sub-directories of 1Mb or more:
libs 3.7Mb
Flavor: r-devel-linux-x86_64-fedora-clang
Version: 1.0.3
Check: re-building of vignette outputs
Result: WARN
Error(s) in re-building vignettes:
...
--- re-building ‘HDclust.Rmd’ using rmarkdown
Warning in engine$weave(file, quiet = quiet, encoding = enc) :
Pandoc (>= 1.12.3) and/or pandoc-citeproc not available. Falling back to R Markdown v1.
0% 10 20 30 40 50 60 70 80 90 100%
[----|----|----|----|----|----|----|----|----|----|
**************************************************|
0% 10 20 30 40 50 60 70 80 90 100%
[----|----|----|----|----|----|----|----|----|----|
**********Warning: stack imbalance in 'lazyLoadDBfetch', 91 then 73
Warning: stack imbalance in 'lazyLoadDBfetch',
*** caught segfault ***
address 3, cause 'memory not mapped'
Flavor: r-patched-solaris-x86