Last updated on 2020-12-04 00:48:23 CET.
Flavor | Version | Tinstall | Tcheck | Ttotal | Status | Flags |
---|---|---|---|---|---|---|
r-devel-linux-x86_64-debian-clang | 0.94.7 | 334.07 | 98.81 | 432.88 | OK | |
r-devel-linux-x86_64-debian-gcc | 0.94.7 | 270.34 | 76.03 | 346.37 | OK | |
r-devel-linux-x86_64-fedora-clang | 0.94.7 | 590.32 | NOTE | |||
r-devel-linux-x86_64-fedora-gcc | 0.94.7 | 613.94 | OK | |||
r-devel-windows-ix86+x86_64 | 0.94.7 | 734.00 | 183.00 | 917.00 | OK | |
r-patched-linux-x86_64 | 0.94.7 | 319.64 | 92.60 | 412.24 | OK | |
r-patched-solaris-x86 | 0.94.7 | 508.20 | OK | |||
r-release-linux-x86_64 | 0.94.7 | 313.50 | 92.09 | 405.59 | OK | |
r-release-macos-x86_64 | 0.94.7 | NOTE | ||||
r-release-windows-ix86+x86_64 | 0.94.7 | 523.00 | 178.00 | 701.00 | OK | |
r-oldrel-macos-x86_64 | 0.94.7 | NOTE | ||||
r-oldrel-windows-ix86+x86_64 | 0.94.7 | 580.00 | 163.00 | 743.00 | OK |
Version: 0.94.7
Check: installed package size
Result: NOTE
installed size is 32.7Mb
sub-directories of 1Mb or more:
libs 32.3Mb
Flavors: r-devel-linux-x86_64-fedora-clang, r-release-macos-x86_64, r-oldrel-macos-x86_64