CRAN Package Check Results for Package GpGp

Last updated on 2020-12-04 00:48:23 CET.

Flavor Version Tinstall Tcheck Ttotal Status Flags
r-devel-linux-x86_64-debian-clang 0.3.1 74.54 67.26 141.80 OK
r-devel-linux-x86_64-debian-gcc 0.3.1 53.51 47.48 100.99 OK
r-devel-linux-x86_64-fedora-clang 0.3.1 192.61 NOTE
r-devel-linux-x86_64-fedora-gcc 0.3.1 174.31 OK
r-devel-windows-ix86+x86_64 0.3.1 160.00 133.00 293.00 OK
r-patched-linux-x86_64 0.3.1 62.26 61.11 123.37 OK
r-patched-solaris-x86 0.3.1 188.30 ERROR
r-release-linux-x86_64 0.3.1 64.44 60.33 124.77 OK
r-release-macos-x86_64 0.3.1 NOTE
r-release-windows-ix86+x86_64 0.3.1 124.00 113.00 237.00 OK
r-oldrel-macos-x86_64 0.3.1 NOTE
r-oldrel-windows-ix86+x86_64 0.3.1 120.00 135.00 255.00 OK

Check Details

Version: 0.3.1
Check: installed package size
Result: NOTE
     installed size is 8.3Mb
     sub-directories of 1Mb or more:
     data 1.4Mb
     libs 6.5Mb
Flavors: r-devel-linux-x86_64-fedora-clang, r-release-macos-x86_64, r-oldrel-macos-x86_64

Version: 0.3.1
Check: tests
Result: ERROR
     Running ‘testthat.R’ [19s/19s]
    Running the tests in ‘tests/testthat.R’ failed.
    Complete output:
     > library(testthat)
     > library(GpGp)
     >
     > test_check("GpGp")
    
     warning: solve(): system seems singular; attempting approx solution
    
     warning: solve(): system seems singular; attempting approx solution
    
     warning: solve(): system seems singular; attempting approx solution
    
     warning: solve(): system seems singular; attempting approx solution
    
     warning: solve(): system seems singular; attempting approx solution
    
     warning: solve(): system seems singular; attempting approx solution
    
     warning: solve(): system seems singular; attempting approx solution
    
     warning: solve(): system seems singular; attempting approx solution
    
     warning: solve(): system seems singular; attempting approx solution
    
     warning: solve(): system seems singular; attempting approx solution
    
     warning: solve(): system seems singular; attempting approx solution
    
     warning: solve(): system seems singular; attempting approx solution
    
     warning: solve(): system seems singular; attempting approx solution
    
     warning: solve(): system seems singular; attempting approx solution
    
     warning: solve(): system seems singular; attempting approx solution
    
     warning: solve(): system seems singular; attempting approx solution
    
     warning: solve(): system seems singular; attempting approx solution
    
     warning: solve(): system seems singular; attempting approx solution
    
     warning: solve(): system seems singular; attempting approx solution
    
     warning: solve(): system seems singular; attempting approx solution
    
     warning: solve(): system seems singular; attempting approx solution
    
     warning: solve(): system seems singular; attempting approx solution
    
     warning: solve(): system seems singular; attempting approx solution
     ── FAILURE (test_loglik.R:33:5): likelihood approximations are exact when m = n-
     llobj$loglik not equal to `ll_exact`.
     1/1 mismatches
     [1] 144 - 25.9 == 118
    
     ── FAILURE (test_loglik.R:39:5): likelihood approximations are exact when m = n-
     llobj$loglik not equal to `ll_exact`.
     1/1 mismatches
     [1] 144 - 25.9 == 118
    
     ══ testthat results ═══════════════════════════════════════════════════════════
     FAILURE (test_loglik.R:33:5): likelihood approximations are exact when m = n-1
     FAILURE (test_loglik.R:39:5): likelihood approximations are exact when m = n-1
    
     [ FAIL 2 | WARN 0 | SKIP 0 | PASS 109 ]
     Error: Test failures
     Execution halted
Flavor: r-patched-solaris-x86