Last updated on 2020-12-04 00:48:23 CET.
Flavor | Version | Tinstall | Tcheck | Ttotal | Status | Flags |
---|---|---|---|---|---|---|
r-devel-linux-x86_64-debian-clang | 1.1.1 | 26.28 | 279.30 | 305.58 | OK | |
r-devel-linux-x86_64-debian-gcc | 1.1.1 | 21.81 | 214.86 | 236.67 | OK | |
r-devel-linux-x86_64-fedora-clang | 1.1.1 | 377.48 | NOTE | |||
r-devel-linux-x86_64-fedora-gcc | 1.1.1 | 366.02 | OK | |||
r-devel-windows-ix86+x86_64 | 1.1.1 | 64.00 | 368.00 | 432.00 | OK | |
r-patched-linux-x86_64 | 1.1.1 | 18.25 | 265.84 | 284.09 | OK | |
r-patched-solaris-x86 | 1.1.1 | 546.00 | OK | |||
r-release-linux-x86_64 | 1.1.1 | 17.33 | 262.58 | 279.91 | OK | |
r-release-macos-x86_64 | 1.1.1 | OK | ||||
r-release-windows-ix86+x86_64 | 1.1.1 | 47.00 | 264.00 | 311.00 | OK | |
r-oldrel-macos-x86_64 | 1.1.1 | OK | ||||
r-oldrel-windows-ix86+x86_64 | 1.1.1 | 57.00 | 373.00 | 430.00 | OK |
Version: 1.1.1
Check: package dependencies
Result: NOTE
Imports includes 22 non-default packages.
Importing from so many packages makes the package vulnerable to any of
them becoming unavailable. Move as many as possible to Suggests and
use conditionally.
Flavor: r-devel-linux-x86_64-fedora-clang