CRAN Package Check Results for Package GlobalFit

Last updated on 2020-12-04 00:48:23 CET.

Flavor Version Tinstall Tcheck Ttotal Status Flags
r-devel-linux-x86_64-debian-clang 1.2 19.61 108.25 127.86 OK
r-devel-linux-x86_64-debian-gcc 1.2 13.70 81.94 95.64 OK
r-devel-linux-x86_64-fedora-clang 1.2 157.40 NOTE
r-devel-linux-x86_64-fedora-gcc 1.2 148.93 NOTE
r-devel-windows-ix86+x86_64 1.2 32.00 122.00 154.00 NOTE
r-patched-linux-x86_64 1.2 18.76 99.74 118.50 OK
r-patched-solaris-x86 1.2 196.40 NOTE
r-release-linux-x86_64 1.2 15.33 100.04 115.37 OK
r-release-macos-x86_64 1.2 NOTE
r-release-windows-ix86+x86_64 1.2 22.00 125.00 147.00 NOTE
r-oldrel-macos-x86_64 1.2 NOTE
r-oldrel-windows-ix86+x86_64 1.2 25.00 119.00 144.00 NOTE

Check Details

Version: 1.2
Check: package dependencies
Result: NOTE
    Package suggested but not available for checking: ‘cplexAPI’
Flavors: r-devel-linux-x86_64-fedora-clang, r-devel-linux-x86_64-fedora-gcc, r-devel-windows-ix86+x86_64, r-patched-solaris-x86, r-release-macos-x86_64, r-release-windows-ix86+x86_64, r-oldrel-macos-x86_64, r-oldrel-windows-ix86+x86_64