CRAN Package Check Results for Package GiRaF

Last updated on 2020-12-04 00:48:23 CET.

Flavor Version Tinstall Tcheck Ttotal Status Flags
r-devel-linux-x86_64-debian-clang 1.0.1 88.79 62.07 150.86 OK
r-devel-linux-x86_64-debian-gcc 1.0.1 62.43 47.36 109.79 OK
r-devel-linux-x86_64-fedora-clang 1.0.1 206.65 NOTE
r-devel-linux-x86_64-fedora-gcc 1.0.1 191.94 NOTE
r-devel-windows-ix86+x86_64 1.0.1 206.00 123.00 329.00 OK
r-patched-linux-x86_64 1.0.1 71.43 59.78 131.21 OK
r-patched-solaris-x86 1.0.1 201.10 OK
r-release-linux-x86_64 1.0.1 71.31 58.98 130.29 OK
r-release-macos-x86_64 1.0.1 NOTE
r-release-windows-ix86+x86_64 1.0.1 150.00 126.00 276.00 OK
r-oldrel-macos-x86_64 1.0.1 NOTE
r-oldrel-windows-ix86+x86_64 1.0.1 151.00 120.00 271.00 OK

Check Details

Version: 1.0.1
Check: installed package size
Result: NOTE
     installed size is 6.2Mb
     sub-directories of 1Mb or more:
     libs 5.7Mb
Flavors: r-devel-linux-x86_64-fedora-clang, r-release-macos-x86_64, r-oldrel-macos-x86_64

Version: 1.0.1
Check: compiled code
Result: NOTE
    File ‘GiRaF/libs/GiRaF.so’:
     Found no calls to: ‘R_registerRoutines’, ‘R_useDynamicSymbols’
    
    It is good practice to register native routines and to disable symbol
    search.
    
    See ‘Writing portable packages’ in the ‘Writing R Extensions’ manual.
Flavors: r-devel-linux-x86_64-fedora-clang, r-devel-linux-x86_64-fedora-gcc