CRAN Package Check Results for Package GiNA

Last updated on 2020-12-04 00:48:22 CET.

Flavor Version Tinstall Tcheck Ttotal Status Flags
r-devel-linux-x86_64-debian-clang 1.0.1 7.45 63.44 70.89 NOTE
r-devel-linux-x86_64-debian-gcc 1.0.1 6.36 50.02 56.38 NOTE
r-devel-linux-x86_64-fedora-clang 1.0.1 91.71 NOTE
r-devel-linux-x86_64-fedora-gcc 1.0.1 83.83 NOTE
r-devel-windows-ix86+x86_64 1.0.1 16.00 96.00 112.00 WARN
r-patched-linux-x86_64 1.0.1 7.39 60.99 68.38 NOTE
r-patched-solaris-x86 1.0.1 141.60 NOTE
r-release-linux-x86_64 1.0.1 7.72 61.96 69.68 NOTE
r-release-macos-x86_64 1.0.1 OK
r-release-windows-ix86+x86_64 1.0.1 11.00 80.00 91.00 WARN
r-oldrel-macos-x86_64 1.0.1 OK
r-oldrel-windows-ix86+x86_64 1.0.1 12.00 91.00 103.00 WARN

Check Details

Version: 1.0.1
Check: for non-standard things in the check directory
Result: NOTE
    Found the following files/directories:
     'Pictures_analyzed' 'cutoff_vals' 'cutoff_vals1' 'gina_cran.JPG'
Flavors: r-devel-linux-x86_64-debian-clang, r-devel-linux-x86_64-debian-gcc, r-devel-linux-x86_64-fedora-clang, r-devel-linux-x86_64-fedora-gcc, r-patched-linux-x86_64, r-patched-solaris-x86, r-release-linux-x86_64

Version: 1.0.1
Check: whether package can be installed
Result: WARN
    Found the following significant warnings:
     Warning: namespace 'Rcpp' is not available and has been replaced
Flavors: r-devel-windows-ix86+x86_64, r-release-windows-ix86+x86_64, r-oldrel-windows-ix86+x86_64

Version: 1.0.1
Check: data for non-ASCII characters
Result: WARN
     Warning: namespace 'Rcpp' is not available and has been replaced
     by .GlobalEnv when processing object '<unknown>'
     Warning: namespace 'Rcpp' is not available and has been replaced
     by .GlobalEnv when processing object '<unknown>'
     Warning: namespace 'Rcpp' is not available and has been replaced
     by .GlobalEnv when processing object '<unknown>'
     Warning: namespace 'Rcpp' is not available and has been replaced
     by .GlobalEnv when processing object '<unknown>'
Flavor: r-release-windows-ix86+x86_64

Version: 1.0.1
Check: data for non-ASCII characters
Result: WARN
     Warning: namespace 'Rcpp' is not available and has been replaced
     by .GlobalEnv when processing object 'GINA.sample'
     Warning: namespace 'Rcpp' is not available and has been replaced
     by .GlobalEnv when processing object 'GINA.sample'
Flavor: r-oldrel-windows-ix86+x86_64