CRAN Package Check Results for Package GetR

Last updated on 2020-12-04 00:48:22 CET.

Flavor Version Tinstall Tcheck Ttotal Status Flags
r-devel-linux-x86_64-debian-clang 0.1 8.46 67.19 75.65 NOTE
r-devel-linux-x86_64-debian-gcc 0.1 7.77 52.13 59.90 NOTE
r-devel-linux-x86_64-fedora-clang 0.1 99.10 NOTE
r-devel-linux-x86_64-fedora-gcc 0.1 87.34 NOTE
r-devel-windows-ix86+x86_64 0.1 19.00 83.00 102.00 NOTE
r-patched-linux-x86_64 0.1 8.04 62.55 70.59 NOTE
r-patched-solaris-x86 0.1 132.40 NOTE
r-release-linux-x86_64 0.1 8.03 61.59 69.62 NOTE
r-release-macos-x86_64 0.1 NOTE
r-release-windows-ix86+x86_64 0.1 16.00 82.00 98.00 NOTE
r-oldrel-macos-x86_64 0.1 NOTE
r-oldrel-windows-ix86+x86_64 0.1 15.00 79.00 94.00 NOTE

Check Details

Version: 0.1
Check: dependencies in R code
Result: NOTE
    'library' or 'require' call to 'party' which was already attached by Depends.
     Please remove these calls from your code.
    Package in Depends field not imported from: 'party'
     These packages need to be imported from (in the NAMESPACE file)
     for when this namespace is loaded but not attached.
Flavors: r-devel-linux-x86_64-debian-clang, r-devel-linux-x86_64-debian-gcc, r-devel-linux-x86_64-fedora-clang, r-devel-linux-x86_64-fedora-gcc, r-devel-windows-ix86+x86_64, r-patched-linux-x86_64, r-patched-solaris-x86, r-release-linux-x86_64, r-release-macos-x86_64, r-release-windows-ix86+x86_64, r-oldrel-macos-x86_64, r-oldrel-windows-ix86+x86_64

Version: 0.1
Check: R code for possible problems
Result: NOTE
    gTree: no visible global function definition for 'ctree'
    gTree: no visible global function definition for 'ctree_control'
    guttmanErrors: no visible global function definition for 'runif'
    Undefined global functions or variables:
     ctree ctree_control runif
    Consider adding
     importFrom("stats", "runif")
    to your NAMESPACE file.
Flavors: r-devel-linux-x86_64-debian-clang, r-devel-linux-x86_64-debian-gcc, r-devel-linux-x86_64-fedora-clang, r-devel-linux-x86_64-fedora-gcc, r-devel-windows-ix86+x86_64, r-patched-linux-x86_64, r-patched-solaris-x86, r-release-linux-x86_64, r-release-macos-x86_64, r-release-windows-ix86+x86_64, r-oldrel-macos-x86_64, r-oldrel-windows-ix86+x86_64