Last updated on 2020-12-04 00:48:22 CET.
Flavor | Version | Tinstall | Tcheck | Ttotal | Status | Flags |
---|---|---|---|---|---|---|
r-devel-linux-x86_64-debian-clang | 0.5 | 2.75 | 29.53 | 32.28 | NOTE | |
r-devel-linux-x86_64-debian-gcc | 0.5 | 2.82 | 24.49 | 27.31 | NOTE | |
r-devel-linux-x86_64-fedora-clang | 0.5 | 45.85 | NOTE | |||
r-devel-linux-x86_64-fedora-gcc | 0.5 | 35.72 | NOTE | |||
r-devel-windows-ix86+x86_64 | 0.5 | 5.00 | 64.00 | 69.00 | OK | |
r-patched-linux-x86_64 | 0.5 | 2.63 | 28.74 | 31.37 | NOTE | |
r-patched-solaris-x86 | 0.5 | 54.80 | NOTE | |||
r-release-linux-x86_64 | 0.5 | 2.55 | 28.61 | 31.16 | NOTE | |
r-release-macos-x86_64 | 0.5 | NOTE | ||||
r-release-windows-ix86+x86_64 | 0.5 | 5.00 | 56.00 | 61.00 | OK | |
r-oldrel-macos-x86_64 | 0.5 | NOTE | ||||
r-oldrel-windows-ix86+x86_64 | 0.5 | 3.00 | 66.00 | 69.00 | OK |
Version: 0.5
Check: for non-standard things in the check directory
Result: NOTE
Found the following files/directories:
'gbcbd_cache'
Flavors: r-devel-linux-x86_64-debian-clang, r-devel-linux-x86_64-debian-gcc, r-devel-linux-x86_64-fedora-clang, r-devel-linux-x86_64-fedora-gcc, r-patched-linux-x86_64, r-patched-solaris-x86, r-release-linux-x86_64
Version: 0.5
Check: dependencies in R code
Result: NOTE
Namespaces in Imports field not imported from:
‘RCurl’ ‘lubridate’ ‘readr’ ‘stats’
All declared Imports should be used.
Flavors: r-devel-linux-x86_64-fedora-clang, r-devel-linux-x86_64-fedora-gcc, r-patched-solaris-x86, r-release-macos-x86_64, r-oldrel-macos-x86_64