Last updated on 2020-12-04 00:48:22 CET.
Flavor | Version | Tinstall | Tcheck | Ttotal | Status | Flags |
---|---|---|---|---|---|---|
r-devel-linux-x86_64-debian-clang | 0.2.4 | 22.57 | 61.56 | 84.13 | OK | |
r-devel-linux-x86_64-debian-gcc | 0.2.4 | 22.10 | 49.89 | 71.99 | OK | |
r-devel-linux-x86_64-fedora-clang | 0.2.4 | 116.55 | NOTE | |||
r-devel-linux-x86_64-fedora-gcc | 0.2.4 | 106.32 | OK | |||
r-devel-windows-ix86+x86_64 | 0.2.4 | 34.00 | 82.00 | 116.00 | NOTE | |
r-patched-linux-x86_64 | 0.2.4 | 25.11 | 56.77 | 81.88 | OK | |
r-patched-solaris-x86 | 0.2.4 | 181.90 | NOTE | |||
r-release-linux-x86_64 | 0.2.4 | 23.45 | 57.12 | 80.57 | OK | |
r-release-macos-x86_64 | 0.2.4 | NOTE | ||||
r-release-windows-ix86+x86_64 | 0.2.4 | 31.00 | 71.00 | 102.00 | NOTE | |
r-oldrel-macos-x86_64 | 0.2.4 | NOTE | ||||
r-oldrel-windows-ix86+x86_64 | 0.2.4 | 34.00 | 82.00 | 116.00 | NOTE |
Version: 0.2.4
Check: installed package size
Result: NOTE
installed size is 6.3Mb
sub-directories of 1Mb or more:
R 2.4Mb
data 3.5Mb
Flavors: r-devel-linux-x86_64-fedora-clang, r-devel-windows-ix86+x86_64, r-patched-solaris-x86, r-release-macos-x86_64, r-release-windows-ix86+x86_64, r-oldrel-macos-x86_64, r-oldrel-windows-ix86+x86_64