Last updated on 2020-12-04 00:48:22 CET.
Flavor | Version | Tinstall | Tcheck | Ttotal | Status | Flags |
---|---|---|---|---|---|---|
r-devel-linux-x86_64-debian-clang | 1.0 | 13.00 | 46.75 | 59.75 | OK | |
r-devel-linux-x86_64-debian-gcc | 1.0 | 11.34 | 38.93 | 50.27 | OK | |
r-devel-linux-x86_64-fedora-clang | 1.0 | 81.04 | NOTE | |||
r-devel-linux-x86_64-fedora-gcc | 1.0 | 70.82 | NOTE | |||
r-devel-windows-ix86+x86_64 | 1.0 | 27.00 | 61.00 | 88.00 | NOTE | |
r-patched-linux-x86_64 | 1.0 | 12.17 | 42.99 | 55.16 | OK | |
r-patched-solaris-x86 | 1.0 | 111.20 | NOTE | |||
r-release-linux-x86_64 | 1.0 | 11.62 | 42.49 | 54.11 | OK | |
r-release-macos-x86_64 | 1.0 | NOTE | ||||
r-release-windows-ix86+x86_64 | 1.0 | 21.00 | 51.00 | 72.00 | NOTE | |
r-oldrel-macos-x86_64 | 1.0 | NOTE | ||||
r-oldrel-windows-ix86+x86_64 | 1.0 | 22.00 | 62.00 | 84.00 | NOTE |
Version: 1.0
Check: installed package size
Result: NOTE
installed size is 10.2Mb
sub-directories of 1Mb or more:
R 10.1Mb
Flavors: r-devel-linux-x86_64-fedora-clang, r-devel-windows-ix86+x86_64, r-patched-solaris-x86, r-release-macos-x86_64, r-release-windows-ix86+x86_64, r-oldrel-macos-x86_64, r-oldrel-windows-ix86+x86_64
Version: 1.0
Check: dependencies in R code
Result: NOTE
Namespace in Imports field not imported from: ‘repmis’
All declared Imports should be used.
Flavors: r-devel-linux-x86_64-fedora-clang, r-devel-linux-x86_64-fedora-gcc, r-patched-solaris-x86, r-release-macos-x86_64, r-oldrel-macos-x86_64