Last updated on 2020-12-04 00:48:22 CET.
Flavor | Version | Tinstall | Tcheck | Ttotal | Status | Flags |
---|---|---|---|---|---|---|
r-devel-linux-x86_64-debian-clang | 0.2.2 | 190.07 | 180.59 | 370.66 | OK | |
r-devel-linux-x86_64-debian-gcc | 0.2.2 | 125.30 | 117.41 | 242.71 | OK | |
r-devel-linux-x86_64-fedora-clang | 0.2.2 | 485.54 | NOTE | |||
r-devel-linux-x86_64-fedora-gcc | 0.2.2 | 437.08 | OK | |||
r-devel-windows-ix86+x86_64 | 0.2.2 | 407.00 | 351.00 | 758.00 | OK | |
r-patched-linux-x86_64 | 0.2.2 | 149.29 | 159.61 | 308.90 | OK | |
r-patched-solaris-x86 | 0.2.2 | 407.70 | OK | |||
r-release-linux-x86_64 | 0.2.2 | 143.51 | 159.29 | 302.80 | OK | |
r-release-macos-x86_64 | 0.2.2 | NOTE | ||||
r-release-windows-ix86+x86_64 | 0.2.2 | 314.00 | 264.00 | 578.00 | OK | |
r-oldrel-macos-x86_64 | 0.2.2 | OK | ||||
r-oldrel-windows-ix86+x86_64 | 0.2.2 | 301.00 | 349.00 | 650.00 | OK |
Version: 0.2.2
Check: installed package size
Result: NOTE
installed size is 6.2Mb
sub-directories of 1Mb or more:
libs 5.3Mb
Flavors: r-devel-linux-x86_64-fedora-clang, r-release-macos-x86_64