CRAN Package Check Results for Package GPL2025

Last updated on 2020-12-04 00:48:23 CET.

Flavor Version Tinstall Tcheck Ttotal Status Flags
r-devel-linux-x86_64-debian-clang 1.0.1 2.96 20.43 23.39 OK
r-devel-linux-x86_64-debian-gcc 1.0.1 2.86 16.56 19.42 OK
r-devel-linux-x86_64-fedora-clang 1.0.1 34.43 NOTE
r-devel-linux-x86_64-fedora-gcc 1.0.1 25.08 NOTE
r-devel-windows-ix86+x86_64 1.0.1 6.00 32.00 38.00 OK
r-patched-linux-x86_64 1.0.1 2.92 19.54 22.46 OK
r-patched-solaris-x86 1.0.1 38.60 NOTE
r-release-linux-x86_64 1.0.1 2.77 19.53 22.30 OK
r-release-macos-x86_64 1.0.1 NOTE
r-release-windows-ix86+x86_64 1.0.1 9.00 30.00 39.00 OK
r-oldrel-macos-x86_64 1.0.1 NOTE
r-oldrel-windows-ix86+x86_64 1.0.1 4.00 31.00 35.00 OK

Check Details

Version: 1.0.1
Check: dependencies in R code
Result: NOTE
    Namespace in Imports field not imported from: ‘dplyr’
     All declared Imports should be used.
Flavors: r-devel-linux-x86_64-fedora-clang, r-devel-linux-x86_64-fedora-gcc, r-patched-solaris-x86, r-release-macos-x86_64, r-oldrel-macos-x86_64