Last updated on 2020-12-04 00:48:23 CET.
Flavor | Version | Tinstall | Tcheck | Ttotal | Status | Flags |
---|---|---|---|---|---|---|
r-devel-linux-x86_64-debian-clang | 1.1.0 | 45.91 | 86.68 | 132.59 | OK | |
r-devel-linux-x86_64-debian-gcc | 1.1.0 | 30.94 | 68.66 | 99.60 | OK | |
r-devel-linux-x86_64-fedora-clang | 1.1.0 | 178.05 | OK | |||
r-devel-linux-x86_64-fedora-gcc | 1.1.0 | 158.12 | OK | |||
r-devel-windows-ix86+x86_64 | 1.1.0 | 101.00 | 152.00 | 253.00 | OK | |
r-patched-linux-x86_64 | 1.1.0 | 36.04 | 82.59 | 118.63 | OK | |
r-patched-solaris-x86 | 1.1.0 | 198.50 | OK | |||
r-release-linux-x86_64 | 1.1.0 | 37.72 | 81.35 | 119.07 | OK | |
r-release-macos-x86_64 | 1.1.0 | OK | ||||
r-release-windows-ix86+x86_64 | 1.1.0 | 73.00 | 140.00 | 213.00 | OK | |
r-oldrel-macos-x86_64 | 1.1.0 | WARN | ||||
r-oldrel-windows-ix86+x86_64 | 1.1.0 | 78.00 | 142.00 | 220.00 | OK |
Version: 1.1.0
Check: whether package can be installed
Result: WARN
Found the following significant warnings:
Warning: 'rgl_init' failed, running with rgl.useNULL = TRUE
Flavor: r-oldrel-macos-x86_64