CRAN Package Check Results for Package GOxploreR

Last updated on 2020-12-04 00:48:23 CET.

Flavor Version Tinstall Tcheck Ttotal Status Flags
r-devel-linux-x86_64-debian-clang 1.1.0 182.41 308.86 491.27 OK
r-devel-linux-x86_64-debian-gcc 1.1.0 168.69 232.59 401.28 OK
r-devel-linux-x86_64-fedora-clang 1.1.0 672.44 NOTE
r-devel-linux-x86_64-fedora-gcc 1.1.0 664.66 OK
r-devel-windows-ix86+x86_64 1.1.0 322.00 365.00 687.00 NOTE
r-patched-linux-x86_64 1.1.0 182.72 290.47 473.19 OK
r-patched-solaris-x86 1.1.0 1013.20 NOTE
r-release-linux-x86_64 1.1.0 181.73 289.79 471.52 OK
r-release-macos-x86_64 1.1.0 NOTE
r-release-windows-ix86+x86_64 1.1.0 227.00 273.00 500.00 NOTE
r-oldrel-macos-x86_64 1.1.0 ERROR
r-oldrel-windows-ix86+x86_64 1.1.0 240.00 347.00 587.00 NOTE

Check Details

Version: 1.1.0
Check: installed package size
Result: NOTE
     installed size is 6.9Mb
     sub-directories of 1Mb or more:
     R 6.3Mb
Flavors: r-devel-linux-x86_64-fedora-clang, r-devel-windows-ix86+x86_64, r-patched-solaris-x86, r-release-macos-x86_64, r-release-windows-ix86+x86_64, r-oldrel-windows-ix86+x86_64

Version: 1.1.0
Check: package dependencies
Result: ERROR
    Package required but not available: ‘GO.db’
    
    See section ‘The DESCRIPTION file’ in the ‘Writing R Extensions’
    manual.
Flavor: r-oldrel-macos-x86_64